s digit of 28211?
2
What is the hundreds digit of 90843?
8
What is the units digit of 522?
2
What is the hundreds digit of 898?
8
What is the tens digit of 12?
1
What is the thousands digit of 6936?
6
What is the tens digit of 17319?
1
What is the hundreds digit of 599?
5
What is the tens digit of 495?
9
What is the tens digit of 944?
4
What is the units digit of 604?
4
What is the thousands digit of 1609?
1
What is the hundreds digit of 10999?
9
What is the thousands digit of 17232?
7
What is the tens digit of 2856?
5
What is the thousands digit of 1194?
1
What is the units digit of 987?
7
What is the thousands digit of 82451?
2
What is the hundreds digit of 97845?
8
What is the thousands digit of 98248?
8
What is the units digit of 742?
2
What is the tens digit of 133011?
1
What is the units digit of 2964?
4
What is the hundred thousands digit of 110933?
1
What is the thousands digit of 24593?
4
What is the thousands digit of 67269?
7
What is the tens digit of 41363?
6
What is the units digit of 3937?
7
What is the tens digit of 6460?
6
What is the units digit of 1886?
6
What is the ten thousands digit of 17650?
1
What is the hundreds digit of 24845?
8
What is the tens digit of 23?
2
What is the thousands digit of 16671?
6
What is the units digit of 11894?
4
What is the thousands digit of 7350?
7
What is the hundreds digit of 2416?
4
What is the units digit of 88672?
2
What is the units digit of 1043?
3
What is the hundreds digit of 370?
3
What is the tens digit of 9214?
1
What is the thousands digit of 14079?
4
What is the thousands digit of 29162?
9
What is the thousands digit of 7058?
7
What is the thousands digit of 1181?
1
What is the units digit of 476?
6
What is the tens digit of 2523?
2
What is the ten thousands digit of 158599?
5
What is the tens digit of 27158?
5
What is the ten thousands digit of 15978?
1
What is the hundreds digit of 1645?
6
What is the units digit of 1434?
4
What is the units digit of 3086?
6
What is the ten thousands digit of 10704?
1
What is the tens digit of 1418?
1
What is the hundreds digit of 1474?
4
What is the hundreds digit of 58159?
1
What is the units digit of 68696?
6
What is the tens digit of 497?
9
What is the hundreds digit of 19910?
9
What is the thousands digit of 1363?
1
What is the thousands digit of 87541?
7
What is the tens digit of 31735?
3
What is the ten thousands digit of 13532?
1
What is the hundreds digit of 632?
6
What is the tens digit of 503?
0
What is the ten thousands digit of 13120?
1
What is the hundreds digit of 713?
7
What is the hundreds digit of 565?
5
What is the ten thousands digit of 14789?
1
What is the tens digit of 4701?
0
What is the thousands digit of 1987?
1
What is the tens digit of 3022?
2
What is the ten thousands digit of 63862?
6
What is the tens digit of 2368?
6
What is the tens digit of 75?
7
What is the units digit of 12879?
9
What is the units digit of 175?
5
What is the ten thousands digit of 28666?
2
What is the tens digit of 115179?
7
What is the units digit of 644?
4
What is the units digit of 17?
7
What is the tens digit of 339?
3
What is the tens digit of 1685?
8
What is the units digit of 1200?
0
What is the thousands digit of 1222?
1
What is the units digit of 11530?
0
What is the tens digit of 13567?
6
What is the ten thousands digit of 45433?
4
What is the tens digit of 7954?
5
What is the tens digit of 17424?
2
What is the units digit of 4865?
5
What is the hundreds digit of 19884?
8
What is the ten thousands digit of 51445?
5
What is the thousands digit of 3179?
3
What is the hundreds digit of 1178?
1
What is the units digit of 4331?
1
What is the tens digit of 22225?
2
What is the hundreds digit of 16524?
5
What is the tens digit of 7135?
3
What is the tens digit of 17504?
0
What is the units digit of 2918?
8
What is the hundreds digit of 1107?
1
What is the tens digit of 485?
8
What is the hundreds digit of 508?
5
What is the units digit of 840?
0
What is the units digit of 1693?
3
What is the units digit of 5052?
2
What is the ten thousands digit of 83108?
8
What is the units digit of 2354?
4
What is the tens digit of 19?
1
What is the hundred thousands digit of 150013?
1
What is the units digit of 11367?
7
What is the units digit of 1369?
9
What is the thousands digit of 11744?
1
What is the units digit of 2299?
9
What is the tens digit of 4827?
2
What is the tens digit of 5016?
1
What is the hundreds digit of 8347?
3
What is the ten thousands digit of 32670?
3
What is the tens digit of 327?
2
What is the hundreds digit of 22271?
2
What is the hundreds digit of 4592?
5
What is the tens digit of 620?
2
What is the units digit of 779?
9
What is the hundreds digit of 5609?
6
What is the thousands digit of 1882?
1
What is the units digit of 3222?
2
What is the thousands digit of 2814?
2
What is the hundreds digit of 2475?
4
What is the units digit of 3780?
0
What is the units digit of 5947?
7
What is the hundreds digit of 10877?
8
What is the hundreds digit of 2530?
5
What is the thousands digit of 100424?
0
What is the tens digit of 3994?
9
What is the hundreds digit of 2943?
9
What is the tens digit of 67?
6
What is the units digit of 1555?
5
What is the thousands digit of 28498?
8
What is the units digit of 1254?
4
What is the hundreds digit of 62517?
5
What is the units digit of 30342?
2
What is the thousands digit of 1135?
1
What is the thousands digit of 22105?
2
What is the ten thousands digit of 17417?
1
What is the hundreds digit of 893?
8
What is the thousands digit of 1986?
1
What is the tens digit of 11455?
5
What is the thousands digit of 1469?
1
What is the ten thousands digit of 36999?
3
What is the tens digit of 18638?
3
What is the tens digit of 1801?
0
What is the hundreds digit of 37155?
1
What is the units digit of 359?
9
What is the units digit of 7153?
3
What is the tens digit of 10801?
0
What is the tens digit of 2243?
4
What is the hundreds digit of 10975?
9
What is the units digit of 8475?
5
What is the hundreds digit of 470?
4
What is the ten thousands digit of 17302?
1
What is the thousands digit of 5494?
5
What is the units digit of 22208?
8
What is the tens digit of 13090?
9
What is the thousands digit of 4048?
4
What is the hundreds digit of 1243?
2
What is the tens digit of 14536?
3
What is the units digit of 9534?
4
What is the units digit of 2347?
7
What is the thousands digit of 6657?
6
What is the hundreds digit of 1518?
5
What is the hundreds digit of 6618?
6
What is the hundreds digit of 9143?
1
What is the thousands digit of 13228?
3
What is the hundreds digit of 1806?
8
What is the thousands digit of 2883?
2
What is the tens digit of 1137?
3
What is the tens digit of 2357?
5
What is the tens digit of 277?
7
What is the tens digit of 7165?
6
What is the units digit of 19927?
7
What is the thousands digit of 2259?
2
What is the tens digit of 17859?
5
What is the thousands digit of 14145?
4
What is the thousands digit of 24031?
4
What is the tens digit of 44410?
1
What is the units digit of 6526?
6
What is the units digit of 1403?
3
What is the thousands digit of 8058?
8
What is the hundreds digit of 2355?
3
What is the hundreds digit of 997?
9
What is the units digit of 18990?
0
What is the hundreds digit of 36797?
7
What is the thousands digit of 23800?
3
What is the tens digit of 397?
9
What is the units digit of 159?
9
What is the tens digit of 54345?
4
What is the hundreds digit of 5351?
3
What is the tens digit of 2864?
6
What is the thousands digit of 5285?
5
What is the tens digit of 48984?
8
What is the ten thousands digit of 99044?
9
What is the hundreds digit of 1022?
0
What is the tens digit of 2701?
0
What is the hundreds digit of 153?
1
What is the hundreds digit of 2857?
8
What is the ten thousands digit of 32373?
3
What is the thousands digit of 58943?
8
What is the hundreds digit of 523?
5
What is the thousands digit of 3138?
3
What is the thousands digit of 3680?
3
What is the hundreds digit of 691?
6
What is the hundreds digit of 1759?
7
What is the ten thousands digit of 10626?
1
What is the hundreds digit of 1492?
4
What is the ten thousands digit of 14986?
1
What is the ten thousands digit of 20814?
2
What is the units digit of 36402?
2
What is the units digit of 7354?
4
What is the 